- 33432?
-33431
In base 8, what is -6 - -1013470?
1013462
In base 2, what is -10100110101 + -11101?
-10101010010
In base 9, what is 4017 - 2?
4015
In base 6, what is 1151 - -235?
1430
In base 3, what is -1000011201 + 20?
-1000011111
In base 7, what is 30 + -6052?
-6022
In base 14, what is -5 + -38b3?
-38b8
In base 2, what is -1111 - 1101011011?
-1101101010
In base 16, what is d - -20a?
217
In base 4, what is -310 - 3331?
-10301
In base 12, what is -2b871 - 84?
-2b935
In base 10, what is -97 - 10254?
-10351
In base 7, what is -5 - 264465?
-264503
In base 4, what is -12222111013 + -10?
-12222111023
In base 4, what is 0 - 231021102?
-231021102
In base 5, what is -12 + 13101314?
13101302
In base 10, what is 5079 - 2?
5077
In base 2, what is -101 + 10011111001000?
10011111000011
In base 7, what is -1024 - -1211?
154
In base 13, what is a4a67 + -4?
a4a63
In base 4, what is -2 - 23103011?
-23103013
In base 3, what is 1000220 + -20012?
210201
In base 7, what is 2 - 503563?
-503561
In base 9, what is -2 - 85712?
-85714
In base 6, what is 1444304 - -5?
1444313
In base 8, what is 232106 - 4?
232102
In base 2, what is 110 - -10001010001000?
10001010001110
In base 3, what is -1112 + -1211212?
-1220101
In base 11, what is 31 - -400?
431
In base 2, what is -1010111100001011 - 0?
-1010111100001011
In base 2, what is 101111001111111 + 100?
101111010000011
In base 16, what is 8 - -b245?
b24d
In base 13, what is 180 - a9?
a4
In base 2, what is -101 + -11100111100000?
-11100111100101
In base 15, what is -2 - -121d8?
121d6
In base 14, what is -2709c - -4?
-27098
In base 12, what is 5 + b3942?
b3947
In base 7, what is -34610 + 2?
-34605
In base 12, what is 3 + -976b3?
-976b0
In base 8, what is 30355 + -64?
30271
In base 9, what is 51 + -2274?
-2223
In base 12, what is 5 - -541?
546
In base 6, what is 435 + 12050?
12525
In base 12, what is -13b733 - 9?
-13b740
In base 8, what is 1322107 + -3?
1322104
In base 9, what is 233644 + -4?
233640
In base 2, what is 1000000111 + -101000100111?
-100000100000
In base 14, what is -3 - -c4a4?
c4a1
In base 16, what is 1d + 493?
4b0
In base 9, what is 24 - -154?
178
In base 12, what is -171 - -2071?
1b00
In base 13, what is 375 - 1c?
356
In base 9, what is -20 + 14458?
14438
In base 10, what is 7 - -440425?
440432
In base 6, what is 201 - -11415?
12020
In base 8, what is -10 - 20074?
-20104
In base 7, what is -5 + -605021?
-605026
In base 15, what is -2 - -c6c?
c6a
In base 15, what is -5168 - -1c?
-514b
In base 4, what is 1 - -313103122?
313103123
In base 5, what is 11124444 + -3?
11124441
In base 3, what is 101202 + -11?
101121
In base 4, what is -10 - 1331133113?
-1331133123
In base 10, what is 28 + -13?
15
In base 14, what is -2 - 1811d?
-18121
In base 16, what is 1 - 1d6d?
-1d6c
In base 5, what is 110 - -33230?
33340
In base 14, what is 3 + -1860?
-185b
In base 15, what is -21345 + 2?
-21343
In base 10, what is -355 + -1698?
-2053
In base 4, what is -300 + 13100?
12200
In base 11, what is 56a04 - 29?
56986
In base 15, what is -50cc + 0?
-50cc
In base 14, what is 6618c + 12?
661a0
In base 10, what is 496 + -29?
467
In base 5, what is -1213124 + 132?
-1212442
In base 15, what is 10c9d + 1b?
10cb9
In base 9, what is 272773 + 4?
272777
In base 14, what is 9 - 1984d?
-19844
In base 5, what is 3212 + 333?
4100
In base 11, what is -9a207 + 5?
-9a202
In base 11, what is 302 - -6197?
6499
In base 5, what is 131430 + -3102?
123323
In base 11, what is 679005 + -1?
679004
In base 2, what is -110110011110111 + -11?
-110110011111010
In base 2, what is 10101001111111 + 10?
10101010000001
In base 8, what is -1432427 - 0?
-1432427
In base 14, what is 5c4 + 19?
5dd
In base 9, what is 13685 + -11?
13674
In base 16, what is 18 - 14eb?
-14d3
In base 6, what is -112054 - -4?
-112050
In base 11, what is -287 - 298?
-574
In base 6, what is -10140 - 3?
-10143
In base 16, what is 148 - e35?
-ced
In base 2, what is -100010101000 - -11?
-100010100101
In base 13, what is -174b - 24?
-1772
In base 8, what is 3000 + 532?
3532
In base 3, what is -2 + -11012111221?
-11012112000
In base 3, what is 21020001 - -1?
21020002
In base 10, what is 0 - -189090?
189090
In base 4, what is -3032020 + 2?
-3032012
In base 10, what is 3 - 428826?
-428823
In base 16, what is -1 + -3555e?
-3555f
In base 8, what is -450 - 15?
-465
In base 15, what is -29ab3 - 4?
-29ab7
In base 13, what is 7b - -b1?
15c
In base 2, what is 1011101111000111010 - -1?
1011101111000111011
In base 16, what is -228 + -5?
-22d
In base 2, what is 10000011 - 10000110110?
-1110110011
In base 4, what is -1300 - -13110?
11210
In base 11, what is 1 + -a1842?
-a1841
In base 12, what is b660a - 4?
b6606
In base 10, what is 8093 - -2?
8095
In base 6, what is -3 - 42033?
-42040
In base 13, what is -56baa - -7?
-56ba3
In base 12, what is -4 + -40798?
-407a0
In base 8, what is -406 + 733?
325
In base 16, what is -d + -140f?
-141c
In base 7, what is 3405243 + 3?
3405246
In base 9, what is 2 + 230588?
230601
In base 16, what is e2 + 15c?
23e
In base 4, what is -1 + -122312300?
-122312301
In base 11, what is 5 - 1a51?
-1a47
In base 4, what is 3 - 103031122?
-103031113
In base 10, what is -456 + 268?
-188
In base 16, what is -6e + -ea?
-158
In base 16, what is 1c9 + 1c8?
391
In base 9, what is -24 + -5053?
-5077
In base 16, what is -3933 + 1?
-3932
In base 9, what is -7356 + -206?
-7563
In base 5, what is -44 + 21411124?
21411030
In base 12, what is -b - 1356?
-1365
In base 15, what is -75 - e0?
-165
In base 4, what is -100 + -3120013?
-3120113
In base 11, what is 2111 - 134?
1a88
In base 15, what is 1 + -dec?
-deb
In base 14, what is -23 - 19b3?
-19d6
In base 15, what is -4411 - 1b?
-442c
In base 16, what is 3673 - 4?
366f
In base 4, what is -133 + 131313?
131120
In base 4, what is -2 - 202223?
-202231
In base 8, what is 54 - 5436?
-5362
In base 10, what is -2 + -12512?
-12514
In base 12, what is 4 - 503?
-4bb
In base 7, what is 26633 - -24?
26660
In base 8, what is 11 + -15510?
-15477
In base 15, what is 61d - 399?
274
In base 7, what is 2011361 - -23?
2011414
In base 7, what is 106 + -1441?
-1332
In base 10, what is -58331 + 4?
-58327
In base 3, what is -2200 + 10010012?
10000112
In base 16, what is -1a31 - -b?
-1a26
In base 9, what is 5243 + 0?
5243
In base 15, what is -77bc - -4b?
-7771
In base 5, what is 22104222 + 0?
22104222
In base 9, what is 41 + 110?
151
In base 14, what is 1a615 + 0?
1a615
In base 14, what is -2818 + 3d?
-27b9
In base 9, what is -2432472 + 2?
-2432470
In base 8, what is 33 - 13767?
-13734
In base 14, what is 17336 + -6?
17330
In base 12, what is 11a - -547?
665
In base 9, what is -51665 - 25?
-51701
In base 8, what is 164737 - -15?
164754
In base 2, what is -100010010100101000111 + 10?
-100010010100101000101
In base 7, what is -53461 + 45?
-53413
In base 4, what is 103 - 22021101?
-22020332
In base 5, what is -14122112 - 3?
-14122120
In base 10, what is 0 + 4435?
4435
In base 15, what is -3a8d - 1d?
-3aab
In base 6, what is 345 + -25305?
-24520
In base 14, what is b - 7966?
-7959
In base 9, what is -4435 - 84?
-4530
In base 13, what is 3 - c2435?
-c2432
In base 10, what is 277 - -494?
771
In base 12, what is -359 + -321?
-67a
In base 9, what is 40381 + 4?
40385
In base 8, what is -1230 + 6?
-1222
In base 13, what is -24ab9 + -5?
-24ac1
In base 8, what is 123 + 533?
656
In base 11, what is -497 + 2301?
1915
In base 16, what is -1808 - -51?
-17b7
In base 14, what is -3b - c4d?
-c8a
In base 11, what is 5 - 9104?
-90aa
In base 9, what is 27265 - -1?
27266
In base 3, what is -221221012200 + -2?
-221221012202
In base 9, what is 0 - -57545?
57545
In base 13, what is 1 + b654?
b655
In base 10, what is 3479 + 7?
3486
In base 12, what is 1b9 - 3b5?
-1b8
In base 7, what is 3 - -133405?
133411
In base 5, what is 234003 - -11?
234014
In base 2, what is 101101011001100 + -100?
101101011001000
In base 9, what is 2 - 80150?
-80147
In base 15, what is 3 + -25876?
-25873
In base 13, what is a353 - 2?
a351
In base 7, what is 1340366 + 1?
1340400
In base 14, what is -75a43 + 8?
-75a39
In base 2, what is -1010001011111000 - -1?
-1010001011110111
In base 7, what is 663 - -3130?
4123
In base 9, what is 0 + 2634561?
2634561
In base 5, what is -1043003 + -4?
-1043012
In base 10, what is 0 + -117046?
-117046
I